or of 247 and v?
19
Suppose 0 = 24*p + 117 - 477. Let r be (25/p)/(15/54). What is the greatest common factor of 4 and r?
2
Let r = 101 + -97. Let f be -1556*(-1 + r)/(-6). Suppose -5*g = 4*h - f, -2*g - h + 84 = -226. What is the highest common factor of 14 and g?
14
Let l be (16/(-48))/(2/(-42)). Suppose 0 = 6*j - l - 11. Suppose 165 = j*g - 315. Calculate the greatest common factor of g and 20.
20
Let g(o) = 29*o + 3. Suppose -4*s - 41 = -0*i - 5*i, -4*s = -3*i + 31. Let w be g(i). Calculate the highest common factor of w and 4.
4
Suppose 14*n = 9*n + 2*g + 87, -4*g = -3*n + 27. Let i be 5/(-5) + 17 + -2. Calculate the greatest common divisor of n and i.
7
Let z be (-44)/(-66) - (1124/3 - -1). Let m = z + 400. Calculate the highest common factor of 325 and m.
25
Suppose 58 = 2*t - 3*n + 7, -3*n = 3*t - 54. Calculate the greatest common divisor of t and 301.
7
Let c = -74 + 263. Let z = -218 + 299. What is the highest common factor of c and z?
27
Suppose 2*p - 1573 = -115. Suppose 3*r = -0*r + p. Calculate the highest common factor of r and 9.
9
Suppose -4*m + 83 = -2*l + 463, -4*m - 580 = -3*l. Suppose -219 + 192 = -p - a, 2*p - a - 48 = 0. What is the greatest common factor of p and l?
25
Suppose -290*r = 67*r + 128*r - 2616090. What is the greatest common divisor of 155 and r?
31
Let f(h) = -h**3 - 6*h**2 - 8*h - 11. Let m be f(-5). Let y = m + -7. Let b be (2/(-4))/(y/24). Calculate the highest common divisor of 2 and b.
2
Let y be 235 - -52 - (4 - 1). What is the highest common factor of y and 12?
4
Suppose k + 15 = r, 2*r + 5*k = 22 + 43. Suppose 10*b = 5*b + r. What is the greatest common divisor of b and 10?
2
Let d = 123 - 119. Let b be 1012/28 + d/(-28). Let y be 4 + 9/(b/80). Calculate the greatest common factor of y and 216.
24
Let f = 5812 + -2126. Calculate the highest common factor of 38 and f.
38
Let m be 1572*(3/15 + (-4)/(-30)). Calculate the greatest common divisor of 8 and m.
4
Suppose t + 199 = -2*t + 5*h, 2*t + 111 = -h. Let q = -66 - t. Let u be (-708)/q - 2/(-8)*-2. What is the greatest common divisor of 22 and u?
22
Let i(n) = -2*n**2 + n - 1. Let a be i(1). Let p(m) = 3*m + 9. Let c be p(a). Suppose 5 + c = s. What is the highest common factor of 1 and s?
1
Suppose q = -3*i + 223 + 174, -8 = 4*q. What is the highest common factor of i and 817?
19
Suppose 52 = i - m, 2 = -4*m + 10. Suppose 0 = -55*f + i*f + 28. What is the greatest common divisor of 21 and f?
7
Let j = -186 - -266. Suppose 0 = 5*u - 7*u + 3*q + 4, -19 = -3*u - 2*q. What is the highest common divisor of u and j?
5
Let o be (-2)/(-5) + (-112752)/(-270). What is the highest common divisor of 88 and o?
22
Suppose 4860 = -2*y - y + 13*y. Calculate the highest common factor of y and 1728.
54
Let l(x) be the third derivative of 7*x**5/20 - x**4/8 + x**3/2 - 23*x**2. Let d be l(2). Let k = -41 + d. What is the greatest common divisor of 4 and k?
4
Suppose x = -x + 12. Suppose 162 + 240 = x*f. Let z = f + -26. What is the highest common factor of z and 369?
41
Let f be (52 - 56)/((-3)/(-6 - -642)). Suppose -4*d = d - 265. What is the greatest common factor of f and d?
53
Let t = -7576 + 7597. Calculate the highest common divisor of t and 546.
21
Let i(l) = l**3 + 10*l**2 - 53*l + 61. Let j be i(-14). Calculate the greatest common divisor of 323 and j.
19
Let u = 212 + -120. Suppose 3*m = m + u. Suppose 2*h - 80 = m. What is the highest common divisor of h and 7?
7
Let n = -26 - -65. Suppose 12*a - a = 22. Suppose -b + 14*x = 9*x + 12, -5*b - a*x = -75. Calculate the greatest common factor of b and n.
13
Suppose 11*a - 19*a - 704 = -40*a. What is the greatest common factor of 6149 and a?
11
Let u be 4/(-6) - 6/18 - -4. Suppose -a + u = -1. Let y = 28 + a. Calculate the highest common divisor of y and 352.
32
Suppose 0 = 5*l + 20, 0 = 4*r + l - 3*l - 24. Suppose 0 = h + 3*y - 21, -11*h + r*y + 36 = -7*h. What is the highest common divisor of h and 40?
4
Let i(y) be the first derivative of 19*y**4/2 + 19*y**3/3 - 3*y**2/2 - 8*y - 116. Let m be i(3). Calculate the greatest common factor of m and 20.
20
Let v = -650 - 57. Let t = -670 - v. Calculate the highest common divisor of 3 and t.
1
Let u = -19424 + 19471. Calculate the greatest common divisor of 4 and u.
1
Suppose 98 = -7*r + 224. Let n(d) = d**2 - 15*d - 19. Let b be n(r). Calculate the greatest common factor of b and 1295.
35
Let b = 4890 + -3865. Calculate the highest common divisor of b and 400.
25
Let k(n) = -65*n - 43. Let g be k(-6). Let r = -307 + g. Calculate the highest common divisor of 25 and r.
5
Suppose 6566 - 6094 = 2*f. What is the highest common factor of 28 and f?
4
Let m = 150 - 86. Let r = -61 + m. Suppose r*j - 4*i = -9*i + 4, -12 = j + 5*i. Calculate the greatest common factor of 56 and j.
8
Let q(g) = 176*g - 4596. Let o be q(41). What is the highest common divisor of 10 and o?
10
Let u be 68/(1 - -1) + (3 - 1). Suppose -659 = -3*w - 173. Calculate the greatest common divisor of w and u.
18
Let s be (-3 - 136/(-2))/1. Suppose s = 17*d - 122. Calculate the greatest common factor of 1727 and d.
11
Let j = -5 - -4. Let a be (-1417)/(-78) - j/(-6). Suppose 157 = 3*m - 5*l, -9*m + 13*m - l = 215. Calculate the highest common divisor of a and m.
18
Let t be 846/24 - (-3 + 13/4). Let k be (0 - (t - -4)) + 0. Let m = k - -87. Calculate the highest common factor of 3 and m.
3
Let m be (-20151)/(-21) + (-6)/(-14). Suppose -l - 7*l = -m. Suppose -l = -5*a + 30. What is the greatest common divisor of 6 and a?
6
Let j(r) be the third derivative of r**5/10 - 5*r**4/24 - 7*r**3/6 - 14*r**2. Let c be j(7). Calculate the greatest common factor of 36 and c.
36
Suppose p + 2*z - 142 = 0, -27*p - 4*z - 136 = -28*p. Calculate the highest common factor of p and 2408.
28
Let z(u) = -5*u + 375. Let t be z(52). Suppose -5*r - x + 218 = -t, -r = 5*x - 81. What is the highest common factor of r and 154?
22
Suppose l - 5*l - y = -1, -l + 2*y - 11 = 0. Let m = l + 43. Suppose 0 = -20*w + 24*w - 112. Calculate the greatest common divisor of w and m.
14
Let i = -13646 - -14306. What is the greatest common divisor of 615 and i?
15
Suppose 4374 = -70*q + 43*q. Let p = 377 + q. Calculate the greatest common divisor of 129 and p.
43
Suppose 223*d - 8601 = 81045. What is the greatest common divisor of d and 1742?
134
Let p = 32 - 28. Suppose p*r - 3*r - 18 = 2*a, -6 = 2*a. Suppose r = 3*l - y - 17, y = 1. What is the highest common divisor of l and 40?
10
Let f = 30 + -33. Let a(i) = 7*i + 1. Let z be a(f). Let s = 57 + z. Calculate the highest common divisor of s and 111.
37
Let y = -14 + -53. Let t = -2 - y. Calculate the greatest common factor of 52 and t.
13
Let g be 15*((-6)/9 - -12). What is the highest common factor of g and 230?
10
Let d = -87 + -1. Let z = d + 65. Let g = z - -54. Calculate the highest common divisor of g and 124.
31
Let t = -32 + 56. Let k(s) = s**2 + 8*s + 12 + 7 - 16. Let u be k(-8). What is the highest common factor of t and u?
3
Suppose -50 - 82 = 22*p. Let h(m) = -21*m - 74. Let l be h(p). Calculate the greatest common divisor of l and 13.
13
Suppose 68 - 86 = 3*b. Let p be 128/b*(6 - 165/10). What is the greatest common factor of 56 and p?
56
Let o be 1/(((-4)/28)/1). Let l be 12/42 - 2896/o. Calculate the greatest common divisor of 18 and l.
18
Let g be (0 - 6/(-9))*18. Let z be ((72/(-5))/1)/(g/(-40)). Calculate the greatest common factor of z and 18.
6
Suppose -10829 - 115156 = -718*g - 16849. Let x be (12/42)/(2/14). Let b = x + 17. Calculate the greatest common divisor of b and g.
19
Suppose -2*c + 30 = 22. Suppose -2625 = -c*b + 5*i, -2*i = -b + 366 + 294. What is the greatest common divisor of b and 26?
26
Let f be 28*((-4)/18 + (-1 - 40/(-18))). Calculate the highest common divisor of f and 21.
7
Let v be (-3 - -619) + (7 - 3 - (5 + 3)). What is the greatest common divisor of 748 and v?
68
Suppose 31251 = 27*a - 53799. What is the greatest common factor of 252 and a?
126
Let c = 482 + -310. Suppose 0 = -9*x + 1252 - c. Let q be -45*4/(-6)*1. Calculate the greatest common factor of q and x.
30
Let t = -170 - -174. Let j = -39 - 2. Let z = 101 + j. What is the greatest common divisor of z and t?
4
Let s = -66 - -158. Suppose -10*l + 1012 = s. Suppose -l - 60 = -4*r. What is t